{"id":1392,"date":"2012-11-12T13:12:02","date_gmt":"2012-11-12T12:12:02","guid":{"rendered":"http:\/\/www.confreriedesvignerons.ch\/pratique\/"},"modified":"2016-07-28T14:23:16","modified_gmt":"2016-07-28T12:23:16","slug":"praktische-informationen","status":"publish","type":"page","link":"https:\/\/www.confreriedesvignerons.ch\/de\/informationen\/praktische-informationen\/","title":{"rendered":"Praktische Informationen"},"content":{"rendered":"<p>Der Sitz der Winzerbruderschaft (<i>Confr\u00e9rie des Vignerons<\/i>) befindet sich im ersten Stockwerk des \u201cSchlosses\u201d (<i>Ch\u00e2teau<\/i>) von Vevey. Die verschiedenen S\u00e4le sind zu den unten angef\u00fchrten Besuchszeiten ge\u00f6ffnet.<\/p>\n<p>Ausser dem sehenswerten Versammlungssaal der Winzerbruderschaft, kann der Besucher in diesem f\u00fcr Ihn zug\u00e4nglichen Bereich eine Vielfalt an Kost\u00fcmen und Trachten, Drucken und Zeichnungen, sowie etliche andere, mit den vergangenen Winzerfesten verbundenen Gegenst\u00e4nde bewundern. Zudem kann er durch Filmausschnitte die Feste ab Anfang des 20. Jahrhunderts wieder miterleben. F\u00fcr Gruppen werden auf Anfrage kommentierte Besichtigungen organisiert.<\/p>\n<p>Dieses im 16. Jahrhundert errichtete Geb\u00e4ude, heute Eigentum der Winzerbruderschaft, birgt auch die Sammlungen des Historischen Museums (<i>Mus\u00e9e historique<\/i>) von Vevey.<\/p>\n<h3>Oeffnungszeiten des Museums der Confr\u00e9rie des Vignerons<\/h3>\n<p>Dienstag bis Sonntag<br \/>\nvon 11.00 bis 17.00 Uhr<\/p>\n<h3>\u00d6ffnungszeiten des Sekretariats und des Archivs<\/h3>\n<p>Montag, Dienstag und Donnerstag<br \/>\nvon 8.30 bis 11.45 Uhr, und von 14.00 bis 17.00 Uhr<br \/>\nFreitag von 8.30 bis 11.45 Uhr<\/p>\n","protected":false},"excerpt":{"rendered":"<p>Der Sitz der Winzerbruderschaft (Confr\u00e9rie des Vignerons) befindet sich im ersten Stockwerk des \u201cSchlosses\u201d (Ch\u00e2teau) von Vevey. Die verschiedenen S\u00e4le sind zu den unten angef\u00fchrten Besuchszeiten ge\u00f6ffnet. Ausser dem sehenswerten Versammlungssaal der Winzerbruderschaft, kann der Besucher in diesem f\u00fcr Ihn zug\u00e4nglichen Bereich eine Vielfalt an Kost\u00fcmen und Trachten, Drucken und Zeichnungen, sowie etliche andere, mit [&hellip;]<\/p>\n","protected":false},"author":6,"featured_media":119,"parent":1506,"menu_order":2,"comment_status":"closed","ping_status":"closed","template":"","meta":{"_acf_changed":false,"_exactmetrics_skip_tracking":false,"_exactmetrics_sitenote_active":false,"_exactmetrics_sitenote_note":"","_exactmetrics_sitenote_category":0,"footnotes":""},"class_list":["post-1392","page","type-page","status-publish","has-post-thumbnail","hentry"],"acf":[],"yoast_head":"<!-- This site is optimized with the Yoast SEO plugin v27.4 - https:\/\/yoast.com\/product\/yoast-seo-wordpress\/ -->\n<title>Praktische Informationen - La Confr\u00e9rie des Vignerons de Vevey<\/title>\n<meta name=\"robots\" content=\"index, follow, max-snippet:-1, max-image-preview:large, max-video-preview:-1\" \/>\n<meta property=\"og:locale\" content=\"de_DE\" \/>\n<meta property=\"og:type\" content=\"article\" \/>\n<meta property=\"og:title\" content=\"Praktische Informationen - La Confr\u00e9rie des Vignerons de Vevey\" \/>\n<meta property=\"og:description\" content=\"Der Sitz der Winzerbruderschaft (Confr\u00e9rie des Vignerons) befindet sich im ersten Stockwerk des \u201cSchlosses\u201d (Ch\u00e2teau) von Vevey. Die verschiedenen S\u00e4le sind zu den unten angef\u00fchrten Besuchszeiten ge\u00f6ffnet. Ausser dem sehenswerten Versammlungssaal der Winzerbruderschaft, kann der Besucher in diesem f\u00fcr Ihn zug\u00e4nglichen Bereich eine Vielfalt an Kost\u00fcmen und Trachten, Drucken und Zeichnungen, sowie etliche andere, mit [&hellip;]\" \/>\n<meta property=\"og:url\" content=\"https:\/\/www.confreriedesvignerons.ch\/de\/informationen\/praktische-informationen\/\" \/>\n<meta property=\"og:site_name\" content=\"La Confr\u00e9rie des Vignerons de Vevey\" \/>\n<meta property=\"article:modified_time\" content=\"2016-07-28T12:23:16+00:00\" \/>\n<meta property=\"og:image\" content=\"https:\/\/www.confreriedesvignerons.ch\/wp-content\/uploads\/informations.png\" \/>\n\t<meta property=\"og:image:width\" content=\"245\" \/>\n\t<meta property=\"og:image:height\" content=\"574\" \/>\n\t<meta property=\"og:image:type\" content=\"image\/png\" \/>\n<meta name=\"twitter:label1\" content=\"Gesch\u00e4tzte Lesezeit\" \/>\n\t<meta name=\"twitter:data1\" content=\"1\u00a0Minute\" \/>\n<!-- \/ Yoast SEO plugin. -->","yoast_head_json":{"title":"Praktische Informationen - La Confr\u00e9rie des Vignerons de Vevey","robots":{"index":"index","follow":"follow","max-snippet":"max-snippet:-1","max-image-preview":"max-image-preview:large","max-video-preview":"max-video-preview:-1"},"og_locale":"de_DE","og_type":"article","og_title":"Praktische Informationen - La Confr\u00e9rie des Vignerons de Vevey","og_description":"Der Sitz der Winzerbruderschaft (Confr\u00e9rie des Vignerons) befindet sich im ersten Stockwerk des \u201cSchlosses\u201d (Ch\u00e2teau) von Vevey. Die verschiedenen S\u00e4le sind zu den unten angef\u00fchrten Besuchszeiten ge\u00f6ffnet. Ausser dem sehenswerten Versammlungssaal der Winzerbruderschaft, kann der Besucher in diesem f\u00fcr Ihn zug\u00e4nglichen Bereich eine Vielfalt an Kost\u00fcmen und Trachten, Drucken und Zeichnungen, sowie etliche andere, mit [&hellip;]","og_url":"https:\/\/www.confreriedesvignerons.ch\/de\/informationen\/praktische-informationen\/","og_site_name":"La Confr\u00e9rie des Vignerons de Vevey","article_modified_time":"2016-07-28T12:23:16+00:00","og_image":[{"width":245,"height":574,"url":"https:\/\/www.confreriedesvignerons.ch\/wp-content\/uploads\/informations.png","type":"image\/png"}],"twitter_misc":{"Gesch\u00e4tzte Lesezeit":"1\u00a0Minute"},"schema":{"@context":"https:\/\/schema.org","@graph":[{"@type":"WebPage","@id":"https:\/\/www.confreriedesvignerons.ch\/de\/informationen\/praktische-informationen\/","url":"https:\/\/www.confreriedesvignerons.ch\/de\/informationen\/praktische-informationen\/","name":"Praktische Informationen - La Confr\u00e9rie des Vignerons de Vevey","isPartOf":{"@id":"https:\/\/www.confreriedesvignerons.ch\/#website"},"primaryImageOfPage":{"@id":"https:\/\/www.confreriedesvignerons.ch\/de\/informationen\/praktische-informationen\/#primaryimage"},"image":{"@id":"https:\/\/www.confreriedesvignerons.ch\/de\/informationen\/praktische-informationen\/#primaryimage"},"thumbnailUrl":"https:\/\/www.confreriedesvignerons.ch\/wp-content\/uploads\/informations.png","datePublished":"2012-11-12T12:12:02+00:00","dateModified":"2016-07-28T12:23:16+00:00","breadcrumb":{"@id":"https:\/\/www.confreriedesvignerons.ch\/de\/informationen\/praktische-informationen\/#breadcrumb"},"inLanguage":"de","potentialAction":[{"@type":"ReadAction","target":["https:\/\/www.confreriedesvignerons.ch\/de\/informationen\/praktische-informationen\/"]}]},{"@type":"ImageObject","inLanguage":"de","@id":"https:\/\/www.confreriedesvignerons.ch\/de\/informationen\/praktische-informationen\/#primaryimage","url":"https:\/\/www.confreriedesvignerons.ch\/wp-content\/uploads\/informations.png","contentUrl":"https:\/\/www.confreriedesvignerons.ch\/wp-content\/uploads\/informations.png","width":"245","height":"574"},{"@type":"BreadcrumbList","@id":"https:\/\/www.confreriedesvignerons.ch\/de\/informationen\/praktische-informationen\/#breadcrumb","itemListElement":[{"@type":"ListItem","position":1,"name":"Home","item":"https:\/\/www.confreriedesvignerons.ch\/de\/"},{"@type":"ListItem","position":2,"name":"Informationen","item":"https:\/\/www.confreriedesvignerons.ch\/de\/informationen\/"},{"@type":"ListItem","position":3,"name":"Praktische Informationen"}]},{"@type":"WebSite","@id":"https:\/\/www.confreriedesvignerons.ch\/#website","url":"https:\/\/www.confreriedesvignerons.ch\/","name":"La Confr\u00e9rie des Vignerons de Vevey","description":"","potentialAction":[{"@type":"SearchAction","target":{"@type":"EntryPoint","urlTemplate":"https:\/\/www.confreriedesvignerons.ch\/?s={search_term_string}"},"query-input":{"@type":"PropertyValueSpecification","valueRequired":true,"valueName":"search_term_string"}}],"inLanguage":"de"}]}},"_links":{"self":[{"href":"https:\/\/www.confreriedesvignerons.ch\/de\/wp-json\/wp\/v2\/pages\/1392","targetHints":{"allow":["GET"]}}],"collection":[{"href":"https:\/\/www.confreriedesvignerons.ch\/de\/wp-json\/wp\/v2\/pages"}],"about":[{"href":"https:\/\/www.confreriedesvignerons.ch\/de\/wp-json\/wp\/v2\/types\/page"}],"author":[{"embeddable":true,"href":"https:\/\/www.confreriedesvignerons.ch\/de\/wp-json\/wp\/v2\/users\/6"}],"replies":[{"embeddable":true,"href":"https:\/\/www.confreriedesvignerons.ch\/de\/wp-json\/wp\/v2\/comments?post=1392"}],"version-history":[{"count":13,"href":"https:\/\/www.confreriedesvignerons.ch\/de\/wp-json\/wp\/v2\/pages\/1392\/revisions"}],"predecessor-version":[{"id":2402,"href":"https:\/\/www.confreriedesvignerons.ch\/de\/wp-json\/wp\/v2\/pages\/1392\/revisions\/2402"}],"up":[{"embeddable":true,"href":"https:\/\/www.confreriedesvignerons.ch\/de\/wp-json\/wp\/v2\/pages\/1506"}],"wp:featuredmedia":[{"embeddable":true,"href":"https:\/\/www.confreriedesvignerons.ch\/de\/wp-json\/wp\/v2\/media\/119"}],"wp:attachment":[{"href":"https:\/\/www.confreriedesvignerons.ch\/de\/wp-json\/wp\/v2\/media?parent=1392"}],"curies":[{"name":"wp","href":"https:\/\/api.w.org\/{rel}","templated":true}]}}

<p>Der Sitz der Winzerbruderschaft (<i>Confrérie des Vignerons</i>) befindet sich im ersten Stockwerk des “Schlosses” (<i>Château</i>) von Vevey. Die verschiedenen Säle sind zu den unten angeführten Besuchszeiten geöffnet.</p>
<p>Ausser dem sehenswerten Versammlungssaal der Winzerbruderschaft, kann der Besucher in diesem für Ihn zugänglichen Bereich eine Vielfalt an Kostümen und Trachten, Drucken und Zeichnungen, sowie etliche andere, mit den vergangenen Winzerfesten verbundenen Gegenstände bewundern. Zudem kann er durch Filmausschnitte die Feste ab Anfang des 20. Jahrhunderts wieder miterleben. Für Gruppen werden auf Anfrage kommentierte Besichtigungen organisiert.</p>
<p>Dieses im 16. Jahrhundert errichtete Gebäude, heute Eigentum der Winzerbruderschaft, birgt auch die Sammlungen des Historischen Museums (<i>Musée historique</i>) von Vevey.</p>
<h3>Oeffnungszeiten des Museums der Confrérie des Vignerons</h3>
<p>Dienstag bis Sonntag<br />
von 11.00 bis 17.00 Uhr</p>
<h3>Öffnungszeiten des Sekretariats und des Archivs</h3>
<p>Montag, Dienstag und Donnerstag<br />
von 8.30 bis 11.45 Uhr, und von 14.00 bis 17.00 Uhr<br />
Freitag von 8.30 bis 11.45 Uhr</p>

<p>Der Sitz der Winzerbruderschaft (Confrérie des Vignerons) befindet sich im ersten Stockwerk des “Schlosses” (Château) von Vevey. Die verschiedenen Säle sind zu den unten angeführten Besuchszeiten geöffnet. Ausser dem sehenswerten Versammlungssaal der Winzerbruderschaft, kann der Besucher in diesem für Ihn zugänglichen Bereich eine Vielfalt an Kostümen und Trachten, Drucken und Zeichnungen, sowie etliche andere, mit [&hellip;]</p>

<!-- This site is optimized with the Yoast SEO plugin v27.4 - https://yoast.com/product/yoast-seo-wordpress/ -->
<title>Praktische Informationen - La Confrérie des Vignerons de Vevey</title>
<meta name="robots" content="index, follow, max-snippet:-1, max-image-preview:large, max-video-preview:-1" />
<meta property="og:locale" content="de_DE" />
<meta property="og:type" content="article" />
<meta property="og:title" content="Praktische Informationen - La Confrérie des Vignerons de Vevey" />
<meta property="og:description" content="Der Sitz der Winzerbruderschaft (Confrérie des Vignerons) befindet sich im ersten Stockwerk des “Schlosses” (Château) von Vevey. Die verschiedenen Säle sind zu den unten angeführten Besuchszeiten geöffnet. Ausser dem sehenswerten Versammlungssaal der Winzerbruderschaft, kann der Besucher in diesem für Ihn zugänglichen Bereich eine Vielfalt an Kostümen und Trachten, Drucken und Zeichnungen, sowie etliche andere, mit [&hellip;]" />
<meta property="og:url" content="https://www.confreriedesvignerons.ch/de/informationen/praktische-informationen/" />
<meta property="og:site_name" content="La Confrérie des Vignerons de Vevey" />
<meta property="article:modified_time" content="2016-07-28T12:23:16+00:00" />
<meta property="og:image" content="https://www.confreriedesvignerons.ch/wp-content/uploads/informations.png" />
	<meta property="og:image:width" content="245" />
	<meta property="og:image:height" content="574" />
	<meta property="og:image:type" content="image/png" />
<meta name="twitter:label1" content="Geschätzte Lesezeit" />
	<meta name="twitter:data1" content="1 Minute" />
<!-- / Yoast SEO plugin. -->

Praktische Informationen - La Confrérie des Vignerons de Vevey

Der Sitz der Winzerbruderschaft (Confrérie des Vignerons) befindet sich im ersten Stockwerk des “Schlosses” (Château) von Vevey. Die verschiedenen Säle sind zu den unten angeführten Besuchszeiten geöffnet. Ausser dem sehenswerten Versammlungssaal der Winzerbruderschaft, kann der Besucher in diesem für Ihn zugänglichen Bereich eine Vielfalt an Kostümen und Trachten, Drucken und Zeichnungen, sowie etliche andere, mit [&hellip;]

La Confrérie des Vignerons de Vevey
